 + 4 + -1 + 31 + -33 - -4
41
1 + -83 - (-815 - -758)
-25
What is -12 - (-3 - (5 + 14 + -27) - -41)?
-58
What is the value of 11 - (-4 - (9 - 16) - (-3 - 56))?
-51
What is 2 + -26 + (20 - 21 - 18)?
-43
(12 - (7 - 19)) + 88 + -45
67
-65 - ((-12 - -7) + -80)
20
Calculate (-19 + 2 - 7) + 16 + -4 + -6 + 8.
-10
Calculate 121 - (32 - (-142 + 6)).
-47
What is the value of 51 + 71 + -114 - (3 - -128 - 2)?
-121
What is (-306 - -88 - -193) + -1 + 6?
-20
What is the value of -40 - (-2 - (-39 + 56))?
-21
What is the value of 55 - (-61 + 51 + -14 + 49)?
30
-2 + -27 - ((-47 - -1) + 36)
-19
-18 + -1 - (253 - (-92 + 410))
46
-23 + 0 + -44 + 6 + (232 - 184)
-13
12 + 65 + (583 - 557)
103
Calculate (-1 - (7 - (19 - (-19 + 11)))) + -61.
-42
What is the value of (-17 - (-98 + 3)) + -5?
73
-120 - (-66 - -8 - -33) - -32
-63
What is the value of (11 - (-149 - -13)) + -31 + -5?
111
5 - (-21 + (-2 - (-25 + 6)))
9
Calculate 26 + -6 + -4 - (-10 - -7) - -1.
20
Calculate 1 - (21 - 1) - ((-51 - -110) + -10).
-68
What is 1 + (-30 - 1) + (-725 - -740) + 15?
0
What is (68 - 38) + -16 - 31?
-17
10 + (2 - 12 - 68) + 28
-40
What is (17 - 12 - 2) + -57 + 26?
-28
What is the value of -7 + -13 + 7 - (79 + -18 + -23)?
-51
-50 + (5 + -4 - -4) + 2 - (-44 - -37)
-36
Calculate (69 - 124) + 43 - -50.
38
Calculate (2031 - 2002) + (14 - 1).
42
What is the value of (108 - (-5 + 9)) + 10 + -2 + (-6 - 3)?
103
What is -29 + -52 + (24 - -28)?
-29
Evaluate 90 + -27 + -94 - -129.
98
-62 + -47 + 122 + 66
79
Calculate 3 - -2 - ((9 - -42) + -11 + 9 + -7).
-37
Calculate (38 - (14 - 16)) + 45 - (1 + -2).
86
Calculate 42 + 17 - 92 - -62.
29
What is the value of 9 - (-19 + 16 + 8 + 0) - 78?
-74
What is the value of (-46 - (-3 - 94)) + -26?
25
Evaluate -5 - (-132 + (-4 - -10)) - (4 + 26 + -32).
123
What is 1 + -1 + -1 - ((-36 - 35) + 25 - -1)?
44
Evaluate -8 - (3 + (-13 + 8 - -15 - 0)).
-21
What is (-2569 - -2499 - ((1 - 3) + -17)) + -4?
-55
(33 - 20) + 17 + -11 + (-10 - 2)
7
Evaluate -22 - (-4 - 2 - 10 - -27).
-33
What is (8 - 0) + -1302 + 1306 + 128?
140
Evaluate 36 + (22 - (47 + 2)) + 44.
53
Evaluate 10 - (4 + -5) - ((-175 - -193) + -85 + 0).
78
Evaluate 42 - 46 - -49 - 2.
43
What is -16 + -28 + 20 + (-12 - -27) + -21?
-30
What is 54 - (18 + -25 + -17) - (-18 + 0)?
96
Calculate (-14 - -2) + (-1271 - -1217).
-66
(-2 - -4) + 7 + -60 + 17 - 14
-48
Calculate 25 - 38 - 7 - 8.
-28
Calculate -9 + -34 - -92 - 30.
19
Calculate 61 + -11 + (-4 - 0 - -27 - 14).
59
Calculate 1 + (-1 + -89 - (-29 + (-51 - -80))).
-89
Evaluate 53 + (-19 - (-56 + 54)).
36
Calculate -4 + 18 + 11 + -17 - (8 - 90).
90
What is 491 + -501 + (1 - 1 - 3) + 4 + 32?
23
Calculate -17 + (-4 - -9) + (14 - (14 + -8 + -54)).
50
5 + 6 - (-2155 + 2125)
41
Evaluate ((8 - 0) + 1 - (-7280 + 7284)) + 44.
49
Evaluate 4 - (80 - 51) - -24.
-1
What is (-121 - -78) + 93 - -32?
82
What is the value of -24 + (18 - -4 - -1) - 88?
-89
What is 9 + -12 + -39 + (-50 - -62)?
-30
(-43 - -45) + -1 + 13 + -3 - (-59 - 2)
72
What is 3 - ((-6 - -1 - (14 + -26)) + (32 - -41))?
-77
What is (5 - (10 + -32)) + -6 + (40 - 33)?
28
Calculate 100 + (-44 - -27) + -79.
4
1674 + -1801 + (229 - 6)
96
-5 - ((2 - 26) + (-17 + -2 + 32 - 9))
15
What is -8 + -23 + -12 + 26 - (-5 + 4)?
-16
Evaluate -36 - -2 - (1210 + -1238).
-6
Evaluate -3 + 24 - (-36 + 52 + 32).
-27
What is (-28 - -9) + 14 + 35?
30
Evaluate 3 + -2 + 0 - (-10 + 85 + -36).
-38
What is (-14 - -31) + -22 + 45 + -40?
0
What is the value of (145 - 129) + -6 + -1 + -1 + -3?
5
((-81 - 0) + -2 - -1) + (229 - (-321 - -565))
-97
-96 + (54 - (102 - 75))
-69
What is the value of 3 - (-1 + (-64 - -6)) - (-1 - -2) - -1?
62
What is (-46 - (-36 + 69 - 104)) + (-8 - 1)?
16
29 + (5 + 34 - 32)
36
Calculate 1 - -50 - (189 + -147 - 67).
76
Calculate 33 - (22 + (9 - 6) + 37).
-29
Evaluate -21 - -6 - (11 + -43 + 14).
3
Evaluate 4 + -20 - (2151 + -2135).
-32
What is the value of 11 + -6 + -11 + 3 + 3 + -28?
-28
What is -4 - 0 - -11 - (52 - (-37 - -88)) - -64?
70
What is the value of -78 - (3 - 18) - -36?
-27
Evaluate -50 + 2 - (-552 - -500).
4
What is the value of (-92 - -79) + (6 + -9 - (-26 + 1))?
9
25 + 14 + -5 + -106
-72
What is -2 + (38 - (0 - 9 - (147 + -170)))?
22
What is the value of 17 - (5 - 4) - (-9 - 31 - -157)?
-101
What is (7 - ((5 - 12) + 3 + 4)) + (-4 - 22)?
-19
Evaluate (-23 - (-8 - 10 - -6)) + 24 + 7 + -13.
7
(-1 - -1 - 66) + -10 + -6 + (160 - 139)
-61
-47 - (-127 + 65) - -99 - (0 + 20)
94
Evaluate (12 - (12 - -5) - -7 - 4) + 30.
28
Calculate -1 - -13 - ((103 - 41) + -5).
-45
Evaluate -9 - -2 - (72 + -8 - 92).
21
What is 105 - 41 - 34 - (11 - -4)?
15
What is 31 - (48 + (20 - 17) + 107)?
-127
Evaluate 24 + (23 - 36) + 6 + -50.
-33
What is the value of 29 + (-76 - 31) + 167?
89
Calculate 6 - ((57 - 22) + -45) - (-16 + 0).
32
What is -67 + 69 + (-2 - (3 + -18) - 4) - 57?
-46
Calculate (-1 - (-4 + 58)) + (1 + 1 - (-17 + 9)).
-45
12 - (28 + -123 + (34 - 2))
75
Evaluate 251 + -229 + -20 + -1 - -38.
39
Evaluate 16 - -1 - (152 + 148 + -225).
-58
Calculate (91 - (3 + 2 - -15)) + (11 - 0).
82
Evaluate (-61 - (3 - (13 - -3))) + -2 + 5 + 1.
-44
What is the value of 8 + 17 - (44 - 23 - 41)?
45
Evaluate (-339 - -359) + 33 + -4.
49
What is -24 - (0 + -41 - -11) - (-12 - 1)?
19
Calculate -52 + 44 + -2 + 49.
39
What is the value of 5 - (36 + (-1 + 13 - (86 - 73)))?
-30
Evaluate (15 - 20) + 82 + (4 - 1) + -14.
66
7 + 1 + 9 + -7 - 20
-10
What is -152 + (118 - 70) - -64?
-40
Calculate -1 - -13 - (-2615 - -2647).
-20
What is (-1 - -20) + (11 - ((-4 - 26) + 51)) - -5?
14
Evaluate 17 - (1 + 2) - (30 - 5) - 31.
-42
What is the value of -37 + 79 - (11 - -30)?
1
What is the value of -11 + 3 - ((-4 - -1) + (23 - 118) + 3)?
87
Evaluate (-19 - (-6 + -76)) + 1 + 36.
100
Calculate 28 + (-54 - 5) - 5.
-36
3 - (20 - (24 + (-27 - -14))) - 30
-36
What is 4 + -41 + (-2 - 7 - (-71 - -57))?
-32
Evaluate 40 + -75 + -16 + 40.
-11
What is -53 + 24 + 21 + 3 + -16?
-21
What is the value of (9 - 10) + (-60 - -35) + 0 + (-1 - -3)?
-24
What is 17 + (276 - 249) + (1 - -57)?
102
Calculate -1 + -3 - ((-18 - -122) + -144).
36
Evaluate -66 + (22 + -76 - -188).
68
Evaluate 1 - (-151 - 0) - (107545 - 107516).
123
Calculate (-8 - -4) + -4 + 4 + (33 + 29 - -6).
64
Evaluate 16 + (4 - 28 - -4) + -34.
-38
4 - -1 - (23 + 5 + -14 + 26 + -34)
-1
What is 31 + -38 + 21 + 35?
49
(0 - (5 - (-2 - (-1 + 9)) - 8)) + 28
21
Calculate 50 - (28 - -16) - (-3 + 1).
8
What is 13 + (15 - (-21 + 18)) + -50?
-19
Calculate 2 + (17 - 12 - 2 - 91 - (11 - 4)).
-93
Calculate 19 - (17 + (1 + -13 - -5)) - 77.
-68
What is the value of (-14 - -26) + -19 - -11 - 49?
-45
Calculate 38 - -2 - (-3087 - -3117).
10
Evaluate -171 + 14 + 151 + 83.
77
Calculate -1 + -9 + -30 + 37 - (-116 + 100).
13
What is -8 - (-7 + 102) - (895 + -861)?
-137
Calculate -152 + 168 + (-5 - -5) + -43 + 0.
-27
What is (-167 - -2) + (-1818 - -1836)?
-147
What is the value of -7 + 2 - (-32 + 19 + 2 + 6)?
0
Evaluate (12 - -14) + -20 - (-10 + -14).
30
-17 - (-5 - -22 - (-17 + -10 - -56))
-5
Evaluate (-2 - -53) + (58 - 57) + -18.
34
Calculate -79 + (22 - 56) + 131.
18
What is -9 + (27 + 6 - 46)?
-22
Evaluate 0 + -52 + 156 + -68.
36
What is the value of 10 + 0 - (-29 - 0 - (678 + -661))?
56
4 - (-7 - -9) - (-2 - 15 - (4 - -4))
27
Calculate (0 - (0 + -3)) + -1561 + 1559 + (-76 - -4).
-71
Evaluate -16 - (998 - 1037 - (2 + (-21 - 1))).
3
What is (-174 - -121) + -11 + (5 - 25)?
-84
Calculate (54 - (48 + -95)) + -68.
33
Evaluate -37 - ((-32 - 0) + -365 + 328).
32
-178 - -180 - (-6 + -115 + 12)
111
-11 + ((4 - 5) + -14 - (-13 + 3))
-16
Evaluate 4 + (-49 - -90 - (-34 - -7)).
72
Calculate -50 + 98 + -52 - -76.
72
12 - 1 - (1 - 0 - -21 - (27293 - 27299))
-17
Evaluate 19 - (-12 - -3 - (4 - -4)).
36
What is the value of -244 - (-548 + 369) - (-22 - -1)?
-44
What is (-448 - -424) + (-2 + -63 - (-30 + 32))?
-91
What is (20 - (-1 + 2)) + -1392 + 1389?
16
Evaluate (-685 - -715) + (7 - -55) + 1.
93
2 + (-2 - 1) - (18 - ((30 - 12) + 6))
5
Calculate (-5 - (16 - 0)) + (437 - 441).
-25
What is -7 + -8 - (-57 + -12) - -5?
59
Calculate -35 + -33 + (10 + 0 - 3).
-61
Evaluate 14 + -7 - (((1 - 1) + 6 - 8) + -41).
50
Evaluate (-2 - (5 + 0) - 1) + (67 + 149 - 138).
70
What is the value of 51 + (-11 - 5 - (-20 + 21))?
34
What is -9 + 3 + 8 + -10 - (5 + -2 - 7)?
-4
Evaluate 5